 of 4128 and 129.
129
Calculate the highest common factor of 44 and 1760.
44
What is the greatest common divisor of 4090 and 20?
10
What is the highest common divisor of 1224 and 1989?
153
What is the greatest common divisor of 22 and 330?
22
What is the highest common factor of 54 and 594?
54
What is the greatest common factor of 136 and 32?
8
Calculate the greatest common divisor of 648 and 1782.
162
Calculate the greatest common factor of 2844 and 396.
36
Calculate the greatest common divisor of 114 and 304.
38
Calculate the highest common divisor of 1644 and 384.
12
Calculate the greatest common divisor of 12 and 25764.
12
Calculate the highest common divisor of 292 and 949.
73
Calculate the highest common divisor of 672 and 84.
84
Calculate the highest common divisor of 123 and 3.
3
What is the highest common factor of 100 and 25?
25
What is the greatest common divisor of 299 and 13?
13
What is the highest common factor of 78 and 4?
2
Calculate the highest common factor of 18 and 22.
2
Calculate the highest common divisor of 1551 and 33.
33
What is the greatest common factor of 106 and 25546?
106
Calculate the greatest common divisor of 32 and 304.
16
Calculate the greatest common factor of 23 and 1679.
23
Calculate the highest common divisor of 6072 and 176.
88
Calculate the greatest common divisor of 1592 and 9353.
199
Calculate the greatest common factor of 7 and 10.
1
What is the greatest common divisor of 10 and 620?
10
Calculate the highest common factor of 180 and 13590.
90
What is the highest common factor of 18 and 17046?
18
Calculate the highest common divisor of 452 and 339.
113
What is the greatest common factor of 5019 and 231?
21
Calculate the greatest common divisor of 7670 and 59.
59
What is the highest common factor of 2759 and 31?
31
Calculate the greatest common factor of 518 and 28.
14
Calculate the highest common divisor of 407 and 11.
11
Calculate the highest common divisor of 103 and 309.
103
Calculate the greatest common divisor of 558 and 1962.
18
Calculate the highest common factor of 580 and 20.
20
What is the greatest common divisor of 10 and 790?
10
Calculate the greatest common divisor of 6 and 138.
6
Calculate the highest common divisor of 9 and 1017.
9
Calculate the greatest common factor of 645 and 735.
15
Calculate the highest common divisor of 2109 and 57.
57
Calculate the greatest common divisor of 43 and 387.
43
What is the greatest common factor of 28 and 3934?
14
What is the greatest common factor of 356 and 16?
4
Calculate the highest common factor of 7437 and 804.
201
What is the highest common factor of 3 and 303?
3
What is the highest common divisor of 77 and 275?
11
Calculate the highest common factor of 2024 and 440.
88
Calculate the highest common factor of 5 and 17.
1
What is the greatest common divisor of 963 and 6?
3
What is the greatest common divisor of 180 and 120?
60
Calculate the highest common factor of 7882 and 42.
14
What is the greatest common factor of 35 and 7?
7
Calculate the greatest common factor of 2413 and 19.
19
Calculate the greatest common divisor of 2534 and 14.
14
Calculate the greatest common factor of 315 and 119.
7
Calculate the highest common factor of 250 and 1375.
125
Calculate the highest common divisor of 85 and 9945.
85
Calculate the highest common divisor of 10 and 55.
5
Calculate the highest common factor of 481 and 13.
13
What is the highest common divisor of 99 and 165?
33
What is the highest common divisor of 1794 and 429?
39
Calculate the greatest common factor of 450 and 18.
18
Calculate the greatest common factor of 336 and 12.
12
What is the greatest common factor of 86 and 24854?
86
What is the highest common factor of 33884 and 172?
172
Calculate the greatest common divisor of 11902 and 44.
22
What is the greatest common factor of 57 and 285?
57
Calculate the greatest common divisor of 1672 and 176.
88
What is the highest common factor of 120 and 50?
10
What is the highest common factor of 232 and 32?
8
Calculate the highest common factor of 6 and 996.
6
What is the highest common divisor of 22854 and 78?
78
Calculate the greatest common factor of 1081 and 23.
23
Calculate the greatest common divisor of 1 and 10261.
1
What is the highest common divisor of 1927 and 123?
41
What is the greatest common factor of 20 and 4640?
20
Calculate the greatest common divisor of 20 and 2132.
4
Calculate the greatest common divisor of 2721 and 6.
3
Calculate the highest common factor of 27996 and 12.
12
What is the highest common factor of 616 and 55?
11
Calculate the highest common factor of 51 and 51.
51
What is the greatest common divisor of 20 and 6070?
10
Calculate the highest common factor of 39366 and 108.
54
Calculate the highest common factor of 224 and 32.
32
Calculate the highest common divisor of 248 and 310.
62
Calculate the greatest common factor of 57 and 1919.
19
Calculate the highest common factor of 41 and 33989.
41
Calculate the highest common factor of 12 and 4.
4
What is the highest common factor of 46 and 4738?
46
Calculate the greatest common divisor of 210 and 385.
35
What is the greatest common factor of 17 and 2057?
17
Calculate the highest common divisor of 68 and 12172.
68
What is the highest common divisor of 2057 and 17?
17
Calculate the greatest common factor of 28 and 644.
28
Calculate the greatest common factor of 187 and 85.
17
Calculate the highest common divisor of 3 and 9.
3
Calculate the highest common divisor of 2 and 14.
2
Calculate the highest common factor of 56 and 13454.
14
Calculate the greatest common factor of 374 and 306.
34
What is the highest common factor of 21 and 96?
3
Calculate the highest common factor of 286 and 52.
26
Calculate the highest common divisor of 54 and 2.
2
What is the greatest common factor of 251 and 31375?
251
Calculate the highest common factor of 913 and 143.
11
What is the highest common factor of 132 and 3234?
66
Calculate the greatest common divisor of 620 and 372.
124
Calculate the highest common factor of 165 and 6930.
165
Calculate the greatest common factor of 21 and 651.
21
What is the highest common factor of 280 and 9464?
56
What is the greatest common divisor of 361 and 608?
19
Calculate the highest common factor of 101 and 101.
101
Calculate the highest common factor of 10 and 410.
10
Calculate the greatest common divisor of 220 and 7865.
55
What is the highest common factor of 194 and 5529?
97
What is the greatest common divisor of 5000 and 140?
20
What is the highest common factor of 21 and 749?
7
What is the greatest common factor of 247 and 299?
13
Calculate the highest common factor of 39 and 26.
13
Calculate the highest common divisor of 36 and 3264.
12
What is the greatest common divisor of 10 and 14?
2
Calculate the greatest common factor of 108 and 297.
27
Calculate the greatest common factor of 4492 and 4.
4
Calculate the greatest common factor of 1122 and 6.
6
Calculate the highest common divisor of 20 and 180.
20
Calculate the greatest common divisor of 493 and 145.
29
Calculate the greatest common factor of 480 and 64.
32
What is the highest common divisor of 329 and 94?
47
Calculate the highest common divisor of 451 and 22.
11
Calculate the highest common divisor of 612 and 9.
9
Calculate the highest common factor of 156 and 13.
13
What is the highest common divisor of 864 and 224?
32
What is the highest common factor of 1440 and 352?
32
Calculate the greatest common divisor of 129 and 86.
43
What is the greatest common factor of 13113 and 705?
141
Calculate the greatest common divisor of 26 and 5044.
26
Calculate the highest common factor of 38 and 2.
2
What is the highest common factor of 19 and 2?
1
Calculate the greatest common factor of 279 and 682.
31
What is the greatest common factor of 558 and 18?
18
What is the greatest common divisor of 801 and 9?
9
Calculate the greatest common divisor of 924 and 112.
28
Calculate the greatest common factor of 135 and 4185.
135
What is the greatest common divisor of 10291 and 502?
251
Calculate the greatest common divisor of 63 and 49.
7
What is the highest common divisor of 310 and 248?
62
Calculate the greatest common divisor of 11741 and 796.
199
What is the greatest common divisor of 5685 and 30?
15
Calculate the